 n?
13
Let p = -17 + 8. Let c be 7 - (p/(-1))/(-3). Calculate the highest common factor of c and 2.
2
Suppose -12*w = -7*w - 605. What is the highest common factor of w and 11?
11
Let p = -8 - -14. Suppose c - p*c = -85. What is the highest common divisor of c and 136?
17
Let g = -14 + 35. Calculate the greatest common factor of 21 and g.
21
Let j = 20 + -6. Let h = 5 - 3. Suppose 0 = -h*q - 0*q + 196. Calculate the greatest common factor of q and j.
14
Suppose 3*q + 0*q + 9 = 0. Let z be q/((-3)/3 + 0). Suppose 0 = -3*s - z*d + 165, d - 5 = 6*d. Calculate the highest common factor of 7 and s.
7
Let z be (-4)/10 - 32/(-5). Let s be (-33 - -3)/((-1 - 3)/4). Calculate the highest common factor of z and s.
6
Let r = -93 - -148. Calculate the highest common divisor of 11 and r.
11
Let b = -8 - -13. Suppose 3*v - 2*l = 2*v + 82, 0 = -2*v + b*l + 160. Suppose q - v = -2*q. Calculate the highest common factor of q and 45.
15
Let i be (-6)/4*192/(-9). Calculate the greatest common divisor of i and 8.
8
Let v = 608 + -139. Suppose 3*r - v = 488. Calculate the greatest common factor of r and 29.
29
Suppose 4*b + 2*t - 65 = -19, 2*b = 4*t + 48. What is the highest common factor of 21 and b?
7
Let h = -1 - -15. Let j = h - 4. What is the greatest common divisor of j and 1?
1
Let c be (-244)/6*(-6)/4. Let u = -12 + c. Let y(v) = -v**2 + 10*v - 2. Let x be y(9). What is the highest common factor of u and x?
7
Let a be 14 + 1/(4 + -3). Calculate the greatest common divisor of 3 and a.
3
Let j(c) = c**2 + 7*c + 16. Let i be j(-6). Let u(q) = -q**3 + 8*q**2 + 7*q - 6. Let z be u(8). What is the highest common divisor of z and i?
10
Let k = 0 - -7. Suppose -2*c + 5 = -k. Suppose -3*t - 42 = -c*t. Calculate the highest common factor of 14 and t.
14
Let g be 17 + (-2 - (2 + -3)). Suppose 0 = -y - 4*f - g, 0*y - 2*y + 33 = -5*f. Calculate the highest common divisor of y and 32.
4
Let g(j) = 15*j - 2. Let n be g(2). Suppose 0 = 2*s - 6*s + n. Let w(z) = -z**2 - 10*z + 5. Let f be w(-8). What is the highest common factor of s and f?
7
Suppose 0 = 3*q - 4*o - 19, 4*o + 3 = -1. Suppose -4*t + 3*n + 0*n + 79 = 0, q*n = 4*t - 73. Let w = -9 - -31. What is the greatest common factor of w and t?
22
Let z = 13 - -50. Let d = -4 - -6. Suppose 3*y + d*y = 45. Calculate the highest common divisor of z and y.
9
Let p(y) = 3*y**2 - 4*y - 4. Let q be p(6). Let o be (q - 2) + 3/1. Let a = 20 + -11. Calculate the highest common factor of a and o.
9
Let l(h) = 5*h**2 + 18*h + 6. Let t be l(-8). Calculate the greatest common factor of t and 26.
26
Suppose -6 = -n - l, l - 8 = -n - n. Suppose n*b = -3*b + 20. Let y(g) = g**2 + 3. Let d be y(-5). What is the highest common divisor of b and d?
4
Let m = 15 - -7. What is the greatest common factor of m and 55?
11
Suppose 2*v = -4*b + 34, 5*v + 5*b = 76 + 29. What is the highest common divisor of v and 5?
5
Suppose -l + 54 = 4*t + t, 3*t + 2*l - 31 = 0. What is the highest common factor of t and 44?
11
Let a be 1*84 + -1 + 2. What is the highest common factor of a and 17?
17
Let k be (-824)/(-3) - 6/(-18). What is the greatest common factor of k and 25?
25
Suppose k = 8 + 5. What is the highest common factor of 91 and k?
13
Let a = -6 + 5. Let x be a + (-2 - -3) - -23. Calculate the greatest common factor of x and 23.
23
Let d(p) = 4*p**3 - 6*p**2 - 3. Let h be d(2). Suppose -5*j = 2*g - 135, 4*j - 27 = 2*g - 117. Calculate the greatest common divisor of g and h.
5
Let f be 3 - ((-4)/(-2) + 1). Suppose 187 = -f*o + o. Calculate the highest common factor of o and 17.
17
Suppose -196 + 16 = -5*j. Suppose 4*g = 2*g + j. What is the greatest common factor of g and 144?
18
Let w(t) = -t**2 - 3*t + 2. Let j be w(-3). Calculate the greatest common divisor of j and 3.
1
Let s = 410 + -239. Let z(w) = -w**3 - 8*w**2 + 3. Let k be z(-8). Suppose -k*q + 19 = -2*q. Calculate the greatest common factor of q and s.
19
Suppose -196 = -3*g - 4*g. Calculate the highest common factor of 14 and g.
14
Let h be 21 - (4 + 6/(-2)). Calculate the greatest common divisor of h and 40.
20
Let w be 8/(-6)*(-9)/2. Suppose -6*u + 263 - 11 = 0. What is the highest common factor of w and u?
6
Suppose 9 = -6*p + 3*p. Let a be p*(-3 - -2) - 0. Suppose -5*d - 162 = -5*v - 17, 3*v = -2*d + 107. Calculate the highest common factor of v and a.
3
Suppose 0 = 5*s - 3*i - 2*i - 125, 5*i = 2*s - 65. Let j be (-60)/9*-33 - 0. What is the greatest common divisor of j and s?
20
Let n be 24*(5/10 - 0). Suppose -s - a + 3*a = 2, 10 = -5*s - 5*a. Let r(m) = -66*m. Let y be r(s). What is the highest common divisor of y and n?
12
Let a be (1 + 2)/((-3)/(-8)). Suppose -38 = -2*p - a. Let x(k) = k**2 - k. Let t be x(6). What is the greatest common factor of t and p?
15
Let i = 12 + -7. Suppose 0 = r - 3. Suppose -x + r - 1 = 0. Calculate the greatest common factor of i and x.
1
Let k be 13 + 3 + -2 + 2. Suppose -2*q - v = -51, -q = -0*v - 5*v - 9. Calculate the greatest common factor of q and k.
8
Let w be -6*1/((-2)/8). Let b be 30*((-4)/5 + 2). Calculate the highest common divisor of w and b.
12
Suppose 19 = -i + 179. What is the greatest common divisor of i and 20?
20
Let l be (-1)/1*(-1 - 2). Suppose -536 = q - l*q. Suppose 0 = -2*h + 5*f + 219, 4*f = 5*h - 824 + q. Calculate the highest common factor of 16 and h.
16
Let q = -69 - -78. Calculate the greatest common factor of q and 81.
9
Let a be 3/(-18) - (2266/(-12))/11. Calculate the greatest common divisor of a and 136.
17
Suppose 14*w = 11*w + 126. What is the greatest common divisor of 63 and w?
21
Let z(o) = o**3 + 4*o**2 - 5*o - 7. Let h be z(-3). What is the greatest common factor of h and 153?
17
Suppose 0 = -i + 1 - 6. Let v be 9/(-15) - 68/i. Let l be 67/5 + (-6)/15. Calculate the highest common divisor of v and l.
13
Let b be (-1647)/7 - (-8)/28. Let a be 6/(-9) + b/(-15). Calculate the highest common factor of a and 60.
15
Let u(m) = -4*m + 29. Let v be u(-4). What is the highest common factor of v and 9?
9
Let a be 150/22 + (-10)/(-55). Suppose y - 3 = h, y + 0*h - a = -3*h. Let d = 12 - 8. Calculate the highest common factor of y and d.
4
Let f = 22 + 1. Let y = 32 - f. Let r be y + 1 - (-2)/(-1). What is the greatest common divisor of 24 and r?
8
Let y(o) be the second derivative of 5*o**4/3 - 2*o. Let n be y(1). Calculate the highest common divisor of n and 30.
10
Suppose -3*g + 5*g = 112. What is the greatest common factor of 7 and g?
7
Let z = -247 + 351. Calculate the highest common factor of 13 and z.
13
Let t be 2 - 1*2598*-1. Let s be t/35 - 2/7. Suppose -4*z + s = -38. Calculate the greatest common factor of z and 7.
7
Let o = -6 - -11. Suppose -4*q - 2*y = -o*q + 7, -y + 35 = 5*q. Suppose -20 = -5*i, 0*i - 29 = -p - 2*i. Calculate the highest common divisor of q and p.
7
Let f(z) = z**2 + 3*z. Let l be f(-3). Let c be (-1 - l) + (-100)/(-4). What is the highest common factor of c and 3?
3
Suppose 5*r - 4*q = -104, -18 = r + 2*q - 0. Let i be (r/2)/((-11)/11). Let n be 3 + -1 - (-46)/2. What is the highest common factor of n and i?
5
Let x be (-25 + 1)*26/(-8). What is the highest common divisor of x and 52?
26
Suppose -4*d + 38 = -3*d. Calculate the highest common divisor of 19 and d.
19
Suppose -12 = -4*v, a + 3*v = 5 + 17. Let z = a - 8. Suppose 3*j = 2*u + 43, -5*j - 5*u + 80 = -0*u. Calculate the greatest common divisor of j and z.
5
Let q(n) = n**2 + n - 1. Let y be q(-2). Let t = 2 - -5. Calculate the greatest common factor of y and t.
1
Let t = 345 - 158. What is the greatest common divisor of t and 17?
17
Let w(j) = 27*j**3 + 4 - 2*j - 4 + 4*j**2 + 1 - 3*j**2. Let f be w(1). What is the highest common factor of f and 3?
3
Suppose 3*f - 27 - 3 = 0. Let y(w) = w**3 + 7*w**2 - 6*w + 8. Let c be y(-6). Calculate the highest common divisor of c and f.
10
Let g(o) = -o**3 + 4*o**2 - 2*o - 1. Let v be g(4). Let d = v - -15. What is the greatest common factor of 36 and d?
6
Let r(z) = 2*z**2 + 9*z - 5. Suppose 3*o - 2*q + 32 = -o, 2 = q. Let w be r(o). Calculate the greatest common divisor of w and 45.
15
Suppose 40 = 5*b - 4*i, 4*b + b + i = 40. What is the greatest common divisor of b and 2?
2
Let t = -22 + 86. What is the greatest common factor of t and 8?
8
Let s = 75 - -45. What is the highest common